
90
What is the remainder when 257043 is divided by 64260?
3
Calculate the remainder when 73791 is divided by 1640.
1631
What is the remainder when 46578 is divided by 1437?
594
What is the remainder when 5826734 is divided by 215?
19
What is the remainder when 2547402 is divided by 1061?
1002
Calculate the remainder when 13930012 is divided by 1547777.
19
What is the remainder when 440604 is divided by 119?
66
Calculate the remainder when 51569082 is divided by 1594.
1588
Calculate the remainder when 3962734 is divided by 203.
174
Calculate the remainder when 945746 is divided by 315245.
11
Calculate the remainder when 90963161 is divided by 39.
29
Calculate the remainder when 321055344 is divided by 33.
27
What is the remainder when 167830 is divided by 9755?
1995
Calculate the remainder when 276604190 is divided by 31.
25
Calculate the remainder when 6757396 is divided by 63.
16
What is the remainder when 5671 is divided by 2117?
1437
Calculate the remainder when 107832 is divided by 152.
64
What is the remainder when 2044991392 is divided by 283?
281
Calculate the remainder when 14369730 is divided by 754.
752
Calculate the remainder when 166587 is divided by 17234.
11481
What is the remainder when 71872 is divided by 70727?
1145
Calculate the remainder when 6156623 is divided by 133837.
121
What is the remainder when 1705749 is divided by 568578?
15
What is the remainder when 485737 is divided by 3711?
3307
Calculate the remainder when 18124208 is divided by 1390.
1388
What is the remainder when 440819 is divided by 220365?
89
Calculate the remainder when 13855819 is divided by 98.
89
What is the remainder when 64871 is divided by 21303?
962
What is the remainder when 675478 is divided by 866?
864
What is the remainder when 55088 is divided by 2849?
957
Calculate the remainder when 13321607 is divided by 206.
205
What is the remainder when 168117632 is divided by 612?
8
What is the remainder when 1557349 is divided by 2393?
1899
What is the remainder when 177854 is divided by 40?
14
What is the remainder when 27148458 is divided by 498?
486
What is the remainder when 678627 is divided by 14436?
135
What is the remainder when 6853030 is divided by 489495?
100
What is the remainder when 4299226 is divided by 2547?
2437
Calculate the remainder when 39432057 is divided by 4740.
4737
What is the remainder when 48144094 is divided by 117?
115
Calculate the remainder when 82213 is divided by 20408.
581
What is the remainder when 907765 is divided by 907759?
6
Calculate the remainder when 13874 is divided by 2255.
344
What is the remainder when 13874 is divided by 13361?
513
Calculate the remainder when 3613300 is divided by 594.
592
What is the remainder when 70889579 is divided by 5063540?
19
What is the remainder when 9911638 is divided by 335?
328
What is the remainder when 996559 is divided by 8303?
199
Calculate the remainder when 409650 is divided by 181.
47
Calculate the remainder when 3501349 is divided by 1195.
1194
What is the remainder when 10509530 is divided by 272?
266
Calculate the remainder when 13583 is divided by 5310.
2963
What is the remainder when 4981508 is divided by 176?
4
What is the remainder when 116039 is divided by 38362?
953
What is the remainder when 243235 is divided by 535?
345
Calculate the remainder when 76147233 is divided by 59.
4
What is the remainder when 384530 is divided by 57?
8
What is the remainder when 12099106 is divided by 547?
13
Calculate the remainder when 25204 is divided by 24971.
233
What is the remainder when 3778681 is divided by 1760?
1721
What is the remainder when 875353 is divided by 1293?
1285
What is the remainder when 9108530 is divided by 665?
25
What is the remainder when 566097 is divided by 51463?
4
What is the remainder when 4364457 is divided by 961?
556
What is the remainder when 41494887 is divided by 235?
232
Calculate the remainder when 665217 is divided by 945.
882
What is the remainder when 949368 is divided by 10319?
20
What is the remainder when 38602932 is divided by 2205?
2202
Calculate the remainder when 906256 is divided by 262.
260
What is the remainder when 56079 is divided by 56064?
15
Calculate the remainder when 485516 is divided by 485484.
32
What is the remainder when 3410065 is divided by 165?
10
What is the remainder when 24046758 is divided by 2874?
0
Calculate the remainder when 149312106 is divided by 49770702.
0
What is the remainder when 10057 is divided by 1131?
1009
What is the remainder when 119941613 is divided by 11975?
13
What is the remainder when 80101 is divided by 121?
120
Calculate the remainder when 2978163 is divided by 53.
40
What is the remainder when 404650 is divided by 4762?
4642
What is the remainder when 7394856 is divided by 924357?
0
What is the remainder when 9013296 is divided by 3460?
3456
What is the remainder when 431983466 is divided by 548?
546
Calculate the remainder when 120842448 is divided by 13.
12
What is the remainder when 1059957 is divided by 264985?
17
What is the remainder when 6431288 is divided by 306251?
17
Calculate the remainder when 403666 is divided by 201140.
1386
What is the remainder when 72181 is divided by 2332?
2221
What is the remainder when 855174 is divided by 29488?
22
What is the remainder when 623810 is divided by 368?
50
Calculate the remainder when 2733403 is divided by 98.
85
Calculate the remainder when 11535246 is divided by 47864.
22
Calculate the remainder when 291848 is divided by 72938.
96
What is the remainder when 385257 is divided by 139?
88
Calculate the remainder when 37427 is divided by 18670.
87
What is the remainder when 175578 is divided by 175379?
199
What is the remainder when 106190 is divided by 26183?
1458
Calculate the remainder when 76128 is divided by 566.
284
What is the remainder when 31541638 is divided by 30?
28
What is the remainder when 74726 is divided by 14873?
361
Calculate the remainder when 1672498 is divided by 83605.
398
Calculate the remainder when 40343403 is divided by 224130.
3
What is the remainder when 72538717 is divided by 24179566?
19
What is the remainder when 13709384 is divided by 33?
29
Calculate the remainder when 445814 is divided by 237.
17
Calculate the remainder when 4845117 is divided by 80.
77
What is the remainder when 2077207 is divided by 327?
103
What is the remainder when 311112371 is divided by 2875?
2871
What is the remainder when 722883 is divided by 353?
292
Calculate the remainder when 4303754 is divided by 27.
8
Calculate the remainder when 6892509 is divided by 5306.
15
Calculate the remainder when 86113 is divided by 1594.
37
What is the remainder when 98048 is divided by 116?
28
What is the remainder when 30632 is divided by 5847?
1397
Calculate the remainder when 265367419 is divided by 297.
295
What is the remainder when 6838208 is divided by 3419101?
6
Calculate the remainder when 357607 is divided by 634.
31
Calculate the remainder when 5134664 is divided by 11.
7
What is the remainder when 25048 is divided by 539?
254
Calculate the remainder when 72171 is divided by 4038.
3525
Calculate the remainder when 21094082 is divided by 21094074.
8
Calculate the remainder when 47490 is divided by 286.
14
Calculate the remainder when 2297817 is divided by 22094.
41
What is the remainder when 3704115 is divided by 4?
3
Calculate the remainder when 45805990 is divided by 2410841.
11
Calculate the remainder when 31913 is divided by 30837.
1076
What is the remainder when 1663285 is divided by 944?
901
What is the remainder when 1401490 is divided by 6314?
6096
What is the remainder when 33214 is divided by 16260?
694
What is the remainder when 312386 is divided by 1030?
296
What is the remainder when 664133 is divided by 1892?
41
What is the remainder when 1514730 is divided by 3458?
126
What is the remainder when 1236078 is divided by 168?
102
What is the remainder when 12324993 is divided by 65909?
10
What is the remainder when 161542 is divided by 79540?
2462
What is the remainder when 2365495 is divided by 20?
15
What is the remainder when 1134509 is divided by 3448?
117
Calculate the remainder when 20279 is divided by 938.
581
Calculate the remainder when 642253 is divided by 1119.
1066
Calculate the remainder when 102861 